l**2 + l - 5. Suppose 4*d = t + 90, -d = -5*t - 200 - 307. Let p = t - -108. Calculate f(p).
1
Suppose 2*m - u + 2 = m, -20 = -4*m - 3*u. Let c(t) = -5*t - t - 143 + 145. What is c(m)?
-10
Let r(a) = -a**3 + 3*a**2 + 3*a - 3. Let b(n) = -8*n - 38. Let i(u) = -10*u + 15. Let p be i(2). Let y be b(p). Give r(y).
7
Let t(x) = -x**3 + x**2 - x - 18. Let n = 105 + -300. Let r = 195 + n. Calculate t(r).
-18
Let b(w) = 9*w + 11*w + 4*w**3 + 52*w**2 - 2*w**3 + 28*w + 3*w + 28. What is b(-25)?
3
Let s be -1*4*(-3)/4. Let d(i) = -167*i - 1 + 500*i - 162*i + 2*i**2 + 3*i**2 - 170*i - 6*i**2. What is d(s)?
-7
Suppose 25*x + b - 5 = 30*x, -2*x - 19 = 3*b. Let a(p) = 2*p**3 + 0 + 1 - 3*p**2 - 4*p**3. Give a(x).
5
Let h(y) = 7*y + 98. Let w be (-5)/(210/834) + 3/(-21). Determine h(w).
-42
Let y(c) = -2*c - 5. Let d be (-2 - 0 - -2)/(-1). Let b = -118 + 126. Suppose -p - b*p - 36 = d. What is y(p)?
3
Let u be 492*((-7)/21 + 34/(-24)). Let g = u + 855. Let a(s) = -2*s - 7. Let v(q) = 2*q + 7. Let w(b) = -5*a(b) - 4*v(b). Calculate w(g).
-5
Suppose -4*o - 8 = -a, 0 - 4 = 2*o - a. Let m(t) = -4*t**3 + 10*t**2 + 14*t + 3. Let w(u) = u**3 - 3*u**2 - 4*u - 1. Let q(r) = o*m(r) - 7*w(r). What is q(0)?
1
Let z(k) be the first derivative of 2*k + k**2 - 1/3*k**3 + 3. Let u = 88553 - 88550. Give z(u).
-1
Let r(h) = -11*h - 33. Let d(y) = -7*y - 12. Let s(x) = -5*d(x) + 2*r(x). Calculate s(5).
59
Let o be (-6)/(-12)*10 - 4. Let g be ((-13)/26)/(93/94 - o). Suppose 6*w = -1 - g. Let p(c) = -c**2 - 4*c + 2. What is p(w)?
-30
Let b = 282 - 280. Suppose -b*w = 30*w. Let n(u) = u**2 - 6. Calculate n(w).
-6
Let m(k) = -k**2 + 7*k - 3. Let l(u) = u**3 + 11*u**2 - u - 8. Let n be l(-11). Let x be ((-6)/(-7))/(n/28). Calculate m(x).
-11
Suppose 0 = 4*k - g + 6 - 41, 0 = -2*k - 5*g + 1. Let r(i) = k*i**2 - 10 + 68 - 57. Let b = -1 - 0. What is r(b)?
9
Suppose 71 = 34*j + 3. Let s(h) = -2*h - 1. Let n be s(j). Let p(d) = -d**3 - 6*d**2 - 4*d + 4. Determine p(n).
-1
Let p(r) = -30*r + 13143 - 7*r + r**2 - 13201 + 9*r. Determine p(30).
2
Let q(i) = -2*i - 66. Let u = 8749 - 8781. Calculate q(u).
-2
Let v(s) = 3*s**2 + 6*s - 2. Let p be v(-3). Suppose 2*i + 4*y + 2 = p*y, 4*y - 4 = 2*i. Let x(h) = 5 - 3 - i*h - 11. Calculate x(-6).
3
Suppose 0 = 2*p + 4*j - 22, 23 = -p + 2*p + 5*j. Suppose 3*g + k + p = 20, -g + 5*k = 5. Let b(z) = -6*z + 8 - z + g*z + z. Give b(0).
8
Let w(h) = -816 + h + 819 + h**2 + 7*h. What is w(-8)?
3
Let q(z) be the second derivative of 1/3*z**3 + 1 + 14*z - 1/20*z**5 + z**2 + 1/4*z**4. Let c(f) = -f**2 - 5*f. Let u be c(-4). Calculate q(u).
-6
Suppose 626 = -28*u - 18. Let r(l) = l**3 + 22*l**2 - 25*l - 42. Determine r(u).
4
Let q(o) be the first derivative of 0*o**2 + 36 + 1/3*o**3 + 0*o. Give q(1).
1
Let h(x) = -x**2 - 15*x + 43. Let v(y) = -y**2 + y + 7. Let i(s) = -h(s) + 3*v(s). Determine i(8).
-6
Let b(z) = 14*z - 315. Let c = 4119 - 4098. Calculate b(c).
-21
Suppose 612*n - 588 = 563*n. Let s(l) = -l**2 + 13*l + l - 3*l + 7. Determine s(n).
-5
Let c(g) = -5*g. Let y be 8/((-16)/(-4) + -2). Suppose y*v + 4*v = 88. Suppose v*m = 5*m - 18. Calculate c(m).
15
Let u(f) = -13 + 33 + 685*f + 683*f - 2067*f + 700*f. Give u(-7).
13
Let k(u) = -u - 15. Let o be k(-17). Let z(c) = c**3 - c**3 - 25*c**2 + o*c**3 + 3 - 2*c + 23*c**2. Give z(2).
7
Let y(b) be the first derivative of b**6/180 + b**5/24 - b**4/8 - b**3/3 + 3*b**2 + 62. Let l(i) be the third derivative of y(i). Determine l(-4).
9
Let b = -5874 - -17629/3. Let q(v) be the first derivative of -5*v - 5/2*v**2 + 23 + b*v**3 - 1/4*v**4. Determine q(6).
1
Let u(t) = 2*t**3 - 15*t**2 + 13*t - 5. Let l(s) = s**3 - 7*s**2 + 6*s - 3. Let g(p) = -5*l(p) + 2*u(p). Suppose 6*v + 16 = 10*v. Give g(v).
5
Let c be 6 - -8*(-2)/8. Let j(k) = 0 - 2*k - c + 12 - 2*k. Give j(6).
-16
Let f(y) = 35 - 3*y**3 + y**3 + 3*y**3 + y**2. Suppose 130*l = -77*l + 161*l. Determine f(l).
35
Suppose 2*s + b - 10 = 0, -b + 2 = -5*s + 20. Let h(c) = 7 - c + 1 - s + 5. Calculate h(0).
9
Let v = -463 + 574. Let b(f) = -58 + v - 53 + 35*f**3. Give b(1).
35
Let s(u) be the third derivative of u**4/8 - 73*u**3/6 - 13716*u**2. What is s(33)?
26
Let u(k) = -k**3 + 17*k**2 - 41*k - 21. Suppose -48 = -4*v - 4*q, 0 = -2*v - 3*q + 50 - 28. Determine u(v).
-7
Suppose -162*h + 149*h - 65 = 0. Let n(z) = -z**2 - 6*z + 31. Let p(y) = y**2 + 6*y - 29. Let q(w) = h*n(w) - 6*p(w). Determine q(-8).
3
Let a(x) be the second derivative of x**4/12 + 13*x**3/6 + 37*x**2/2 + 6428*x. What is a(-8)?
-3
Let a(u) = -2*u - 1. Let b(z) = -z**3 - 2*z**2 - 7. Let x be b(-3). Suppose -340*o + 342*o = x. Determine a(o).
-3
Let z(m) = -m**2 - 2*m + 3. Let w = 23 + -45. Let d(r) = r**3 + 21*r**2 - 23*r + 12. Let y be d(w). Let i = 31 - y. Calculate z(i).
0
Let l(m) be the first derivative of -m - 5/2*m**2 - 12. Calculate l(-1).
4
Let j(i) = 20*i - 5. Let u be 7/(-84)*6*(2 + -6). What is j(u)?
35
Let s = -423 - -420. Let l(h) = -2*h**2 + 2*h + 5. Let a(z) = 5*z**2 - 3*z - 11. Let k(b) = s*a(b) - 7*l(b). Let x(i) = 4*i. Let t be x(-1). Determine k(t).
2
Let l(y) = 4*y + 4. Suppose 17*t + 1974 = 1940. Give l(t).
-4
Let a(j) = j**2 + 4*j + 10. Let d(c) = -53*c - 381. Let z be d(-7). Give a(z).
70
Let y(u) = u**2 - 30*u - 46. Let o = 11489 - 11457. Calculate y(o).
18
Let n(b) = 2*b**2 + 21*b - 10. Suppose 126*g - 6*g + 1413 = -37*g. Give n(g).
-37
Let n = 39 + -5. Let j = 37 - n. Let z(f) = -j + 2*f**2 + 18*f - 19*f + 2. Calculate z(2).
5
Let s = 40666 - 40654. Let j(i) = i**3 + 8*i**2 - 239*i - 12. Determine j(s).
0
Let o(k) be the second derivative of -k**3/3 + k**2 + 2*k + 36. Calculate o(3).
-4
Let g be (-8)/1 + 25*4/20. Let w be (-7)/((g/2)/(90/60)). Let a(j) = j**3 - 8*j**2 + 7*j + 5. Determine a(w).
5
Let o(f) = f**3 - 5*f**2 + 7*f - 5. Suppose -5*k + 4*y = 79, -3*k - 50 + 10 = 5*y. Let u be 42/10 + 3/k. Suppose 2*l - u = l. Give o(l).
7
Suppose -4 = -2*o + 4. Suppose 0 = o*q - 3*q - 2. Suppose -q*j + 0*j + 5 = h, 3*j - 5 = -2*h. Let f(s) = -s**3 + 4*s**2 + 6*s + 4. Calculate f(j).
9
Let c(y) = y**3 + 2*y - 110. Let t(b) = b**2 + b + 3. Let z(h) = c(h) - t(h). Give z(0).
-113
Suppose -447*i - 2806 = 1664. Let r(m) = -2*m**2 - 18*m + 51. Calculate r(i).
31
Let n(a) = -20*a**2 - 2*a + 1. Let u be (-3)/((-2)/(-12) - 14/12). Let g be 4/(-30) + u/((-180)/(-68)). Give n(g).
-21
Let b(c) = -3*c + 7. Let r = 2856 - 2865. Calculate b(r).
34
Let g(a) be the third derivative of 2*a**5/15 - 5*a**4/24 - a**3/6 + 3*a**2 - 316*a + 4. Give g(-4).
147
Let a(n) = 14*n - 99. Let s(q) = -q**3 + 5*q**2 - 7*q + 19. Let w be s(4). Let r be a(w). Let p(l) = -6*l**3 + l**2 + 2*l + 1. Determine p(r).
6
Let q(f) = -f**3 - f**2. Let a(g) = 6*g**3 + 10*g**2 + 3*g + 3. Let n(o) = a(o) + 5*q(o). Let u(h) = 32*h**2 + 185*h - 45. Let j be u(-6). Calculate n(j).
12
Let c(v) = -2*v - 91. Let w be c(-7). Let t = w + 74. Let f(u) = u**3 + 4*u**2 + 4*u + 1. Determine f(t).
-2
Suppose 78*g - 70*g - 24 = 0. Let m(x) = 15*x - 869*x**3 + 5*x**2 + 868*x**g - 7*x - 6. Calculate m(6).
6
Let v(z) = z**3 + 5*z**2 - 6*z - 8. Let w be 297 + 4/(0 + 4). Let r = w - 304. Determine v(r).
-8
Let t = 14 - -66. Let y = -80 + t. Let s(g) = g**2 + 3 - 5*g**3 + 0*g**3 - g + 5 + 4*g**3. Calculate s(y).
8
Suppose -14*v = -2*v + 72. Let x be (-25)/(-125)*(-3)/(v/10). Let h(u) be the third derivative of u**4/8 + 2*u**2. What is h(x)?
3
Let m(c) = -c**3 - 7*c**2 - 7*c + 5. Suppose 66*b - 16 = -16. Suppose -16*p - 212 = -20*p. Suppose 3*i + p - 35 = b. Calculate m(i).
11
Let d(z) = 60*z + 3304. Let t be d(-55). Let w(g) be the first derivative of 5/2*g**2 - 29 - t*g + 1/4*g**4 - 7/3*g**3. Determine w(6).
-10
Suppose 0 = 2*z + 3*z + 3*u - 509, -z + u + 105 = 0. Let w = z - 99. Suppose -4*m + 5*l - l = 0, w*l = 2*m + 4. Let i(q) = q**3 + q**2 + 1. Calculate i(m).
13
Let d(f) be the second derivative of f**5/20 - f**4/3 - 6*f**2 - f + 77. Determine d(6).
60
Let o(j) = j**2 + 13*j + 25. Let h = -651 + 641. Determine o(h).
-5
Suppose 0 = -4*n - 8, n = -4*v + 20 - 50. Let s(m) = -3*m - 12. What is s(v)?
9
Let i(o) = -37*o**2 - 222*o - 4. Let s be i(-6). Let r(n) = -n**3 + 2*n**2 + 4*n - 5. Calculate r(s).
75
Let m(o) be the first derivative of o**4/12 - 3*o**2 + 3*o + 139. Let y(n) be the second derivative of m(n). Let u(w) = -w + 6. Le